17*u**4/12 + 2*u**3 + 9*u**2. Let b(d) = 2*k(d) - 7*p(d). What are the prime factors of b(-7)?
59
List the prime factors of 133*((-90850)/161)/(-5).
2, 5, 19, 79
Suppose 1187325 = 196*u - 171*u. What are the prime factors of u?
3, 1759
Suppose 2*v - 6381 = -2*o + 8615, -2*o = -3*v + 22514. List the prime factors of v.
2, 11, 31
Let g(z) = 9*z - 94. Let c be g(11). Suppose -q + 137 = c*v, -4*q - 13*v + 15*v + 460 = 0. List the prime factors of q.
3, 13
Let b = 93 - 49. Let f be b/((0 - -2)/2). Suppose -c + f = c. What are the prime factors of c?
2, 11
List the prime factors of 13926 + (-75)/5 + -9 + 2.
2, 11, 79
Suppose 5*r + 3*r = -192. Let o = -12 - r. Suppose -10*k = -o*k + 26. List the prime factors of k.
13
List the prime factors of 2740160/216 + -28 - (-2)/27.
2, 6329
Let w = 6444 - 4982. List the prime factors of w.
2, 17, 43
Let w(g) = 95*g**2 - 15*g**2 - 6 - 3*g - 2*g. What are the prime factors of w(-3)?
3
Let w be ((-5)/2)/(33/2706). List the prime factors of 1/((-9)/w) - 2/(-9).
23
Suppose 45 = 28*n - 39. What are the prime factors of ((-1095)/(-6) - n)*(-9 - -11)?
359
Let h(r) be the third derivative of -16*r**2 + 0*r + 0 - 19/12*r**4 + 1/2*r**3. List the prime factors of h(-2).
79
Let h be (-1)/2*(-22 + 14). Suppose 0 = a + 4*i - 0*i + 3, -3*a = -h*i - 39. Let j(n) = 8*n - 10. List the prime factors of j(a).
2, 31
Suppose -76*v - 38*v = 15*v - 2227830. List the prime factors of v.
2, 5, 11, 157
Let d be -15*(-24)/(-20)*3. Let a = d + 266. Suppose -6*r = -10*r + a. List the prime factors of r.
53
Let c(f) = -7308*f - 146. What are the prime factors of c(-4)?
2, 14543
What are the prime factors of 3*(-18790)/(-10) - -3?
2, 3, 5, 47
Let u = 1752 - -376. List the prime factors of u.
2, 7, 19
Let s(k) be the third derivative of -1/2*k**3 + 0*k + 0 + 11*k**2 + 7/24*k**4. What are the prime factors of s(1)?
2
Suppose 0 = -7*q + 421 + 55. Suppose -5*h + 0*y = -y + q, -2 = y. List the prime factors of h/(-1) - (9 - 9).
2, 7
Let b = -16233 - -22906. What are the prime factors of b?
6673
Suppose -4*h - 22964 = -2*p, 9*p - 14*p = -h - 57365. What are the prime factors of p?
2, 3, 239
Suppose 3*r + 4*b = 1000, 4*b + 5 = -3. Suppose 0 = 2*l + 2*l + r. Let a = l + 117. What are the prime factors of a?
3, 11
Suppose 0 = -3*n - 3*t - 15 - 9, -2*n + 2*t = 4. Let b(w) = 60*w**2 + 10*w - 5. What are the prime factors of b(n)?
5, 17
Suppose 11*c - 9*c = 8. Let n = 76 + c. List the prime factors of n.
2, 5
Let h(w) = 8*w + 61. Let q be h(-7). Suppose 2*d = q*o + d + 2226, -o = -4*d + 449. Let x = o - -698. List the prime factors of x.
11, 23
Let i(v) = 117*v + 1523. What are the prime factors of i(32)?
23, 229
Suppose -5*m - 344 = -h + 347, -2*h = -m - 1382. Let r = -583 + h. List the prime factors of r.
2, 3
Let l(i) = -111*i**2 - 2430*i - 8. List the prime factors of l(-17).
23, 401
Let u be 17/3 + (-10)/15 + 1. Suppose j = -5*q + 5, 5*q - u = 2*j + 14. Suppose -350 = -q*x - 70. List the prime factors of x.
2, 5, 7
Suppose -150 = -3*o - 3*o. Suppose 2*x = 5*x + 3*n - 27, -2*n + o = 3*x. What are the prime factors of x/(21/270) - (-4 - -1)?
3, 31
Let w be 3 - (-37 - (-2)/2). Let o = -2510 + 2589. Let q = o - w. What are the prime factors of q?
2, 5
Let u(d) = d**3 + 8*d**2 - 5*d - 35. Let t be u(-8). Suppose -2*p + 2774 = -6*m + t*m, -5*p + 6961 = 4*m. List the prime factors of p.
3, 463
Let p(o) = 9*o + 8 - 4*o - 7*o. Let v be p(2). Suppose 0 = -l + 5*j - 0*j + 154, 0 = 4*l - v*j - 632. What are the prime factors of l?
3, 53
Let u(k) = k**3 + k**2 - 2*k - 16. Let x be u(0). Let c = -19 - x. Let y(l) = 6*l**2 + 7*l + 11. What are the prime factors of y(c)?
2, 11
Suppose 234 = 6*z - 18. What are the prime factors of 204/1 + z + -44?
2, 101
Suppose -5*r + 800 = 780. Suppose 4*f - 169 = -3*x, -244 = -r*x + f + 3*f. List the prime factors of x.
59
Let k = 5 - 5. Suppose 114*p - 24 = 110*p. Suppose -5*t - 3*c + 47 = k, 4*t = c - p*c + 35. What are the prime factors of t?
2, 5
Let f = 50580 + -15714. List the prime factors of f.
2, 3, 13, 149
Let c(w) = 2*w**2 - 11*w + 9. Suppose q + 18 = 3*q + 4*t, -4*q + 2*t = -6. Suppose -5*j = q*d - 1 - 1, -d = -2*j + 14. What are the prime factors of c(d)?
3, 7
Suppose -7*h - 42*h = 415474 - 1242986. What are the prime factors of h?
2, 2111
Let j(v) be the first derivative of 2*v**4 + 2*v**3 + v**2/2 - 102. List the prime factors of j(4).
2, 3, 17
Suppose -22*n + 2*n + 25000 = 0. Let v = n + 530. What are the prime factors of v?
2, 5, 89
Suppose -6*b - 4*d + 20 = -b, -b = -4*d - 4. Suppose -5*h + 4*h - 2*o = -4, 0 = o + b. Let f = h + 13. What are the prime factors of f?
5
Let t be (17/(-3))/(1/(-6)) - 2. Let g = t - 18. Suppose -5*h = -86 - g. List the prime factors of h.
2, 5
Let a = -16 + 27. Suppose -8*g = -a*g + 339. What are the prime factors of g?
113
What are the prime factors of (-19)/114*2*2 - (-33000)/9?
2, 3, 13, 47
Suppose 0*c - 2 = 2*c. Let i be (c + 0)/((-5116)/(-2560) - 2). List the prime factors of 2/(-2) + (-5)/((-25)/i).
127
Let x = -7599 + 12852. List the prime factors of x.
3, 17, 103
Let f(v) = -80 + 3*v**2 + 3*v + 0*v**2 + 76. Let b be f(1). Suppose 0 = -2*x + 4*x - 2, -b*l = -5*x - 221. What are the prime factors of l?
113
What are the prime factors of 404*(10 - 35/(-2))?
2, 5, 11, 101
Suppose -2*l = -3*l - 20. Let m = 44 + l. Suppose 0 = -2*v + v + m. List the prime factors of v.
2, 3
Let i(g) = -29*g + 1. Let o be i(-11). Suppose -3*z + 4 = -o. List the prime factors of z.
2, 3
Suppose 3*y - 4*y = -4. Suppose -9*f = 10 - 28. Suppose y*j - 6*j - 5*s = -134, -244 = -4*j + f*s. What are the prime factors of j?
2, 31
Suppose -r + 9697 = 4*d, -2788 = -r - d + 6915. What are the prime factors of r?
3, 5, 647
Suppose 11*r + 189 = -108. Let f be ((-22)/(-33))/((-6)/r). Suppose 0*q = -f*q + 54. List the prime factors of q.
2, 3
Suppose 3*v = 5*i + 34, -24 = -3*v + 3*i - 0*i. Suppose 5*p - 5120 = -x, 4105 = 4*p - v*x + 2*x. What are the prime factors of p/15 - 8/6?
67
Suppose 3*s + 879 = -5*p, -5*s + 6*p = 10*p + 1452. What are the prime factors of (s/168)/((-1)/133)?
2, 3, 19
Let a(r) = 4*r**2 - 8*r + 2534. What are the prime factors of a(-54)?
2, 5, 7, 11, 19
Let v(t) be the second derivative of -t**5/20 + t**4/12 + 8*t**3/3 - 9*t**2/2 - 22*t. Let i be v(6). Let j = i - -167. What are the prime factors of j?
2, 37
Suppose -53*t = 28*t - 446796. List the prime factors of t.
2, 7, 197
Let c be (36 + -2)*(350 + (19 - 8)). Suppose -18*f + 6500 = -c. List the prime factors of f.
7, 149
Suppose 2*i - 88 = 5*l, -4*i - l - 4*l = -206. Suppose -i*f + 51600 = -9*f. What are the prime factors of f?
2, 3, 5, 43
Let r = 9399 - 5802. List the prime factors of r.
3, 11, 109
Suppose 4*n + 48*b - 50*b = 16236, -4*b = 5*n - 20321. What are the prime factors of n?
31, 131
What are the prime factors of 1/10*(-1 + 171619) - (-968)/4840?
2, 8581
Let x(p) = p - 149. Let z(j) = 75. Let u(a) = 6*x(a) + 14*z(a). What are the prime factors of u(37)?
2, 3, 7
List the prime factors of (-11 - -8109)/(17/(2737/14)).
23, 4049
Let q = -14487 - -17579. List the prime factors of q.
2, 773
Let z(c) = -2258*c - 2100. List the prime factors of z(-8).
2, 13, 307
Let d(i) = -2*i**3 + 3*i**2 + 5*i + 1811. Let l(m) = -m**3 + m**2 + 3*m + 907. Let z(g) = 3*d(g) - 5*l(g). What are the prime factors of z(0)?
2, 449
Suppose 9*n - 4*n - 5 = d, 4*d + 3*n - 95 = 0. Suppose -974 = -22*u + d*u. What are the prime factors of u?
487
Let y(j) be the third derivative of j**5/30 + 37*j**4/24 - 21*j**3/2 - 2*j**2 - 7. List the prime factors of y(21).
2, 3, 7, 19
Suppose 0 = j + j - 4*c + 28676, 0 = -5*j + 5*c - 71675. What are the prime factors of (-38)/12 + 3 + j/(-24)?
3, 199
Suppose -892*a + 828*a + 1555264 = 0. What are the prime factors of a?
19, 1279
Suppose 3*a + 2*b - 376 = 656, -b + 1371 = 4*a. Suppose 0 = 3*w - 2058 + a. List the prime factors of w.
2, 11, 13
Let m = -382 + 898. Let n = m - 76. List the prime factors of n.
2, 5, 11
Let i(o) = -48*o**2 + 85*o - 18. Let n be i(-8). Let s = -2316 - n. What are the prime factors of s?
2, 727
Let n = -87 + 87. Let h(z) = z**3 - z**2 - 11*z + 321. What are the prime factors of h(n)?
3, 107
List the prime factors of (-1547)/91 - (-116688)/4.
5, 7, 17
Let k = 24033 + -14052. What are the prime factor